r?
2, 3, 47
Let b = 109 - 45. Suppose -b*v - 3020 = -69*v. What are the prime factors of v?
2, 151
Let z = 1884 + 26614. What are the prime factors of z?
2, 14249
Let r be (-12)/(-9) - (-160)/(-48). What are the prime factors of (-526)/(r - (-2 + 2))?
263
List the prime factors of -9 + -5 + 37 + 6952.
3, 5, 31
Let l(v) = v**3 + 20*v**2 + 29*v - 34. Let m be l(-18). Let o = 348 - m. What are the prime factors of o?
2
Let w(n) = 13*n**3 + 4*n**2 - 3*n - 4. Suppose -13 + 3 = -2*z. Suppose -3*p = 3*t - 15, 2*t + p + 8 = z*p. What are the prime factors of w(t)?
2, 5, 11
Suppose 80*k - 17*k - 1069992 = 0. What are the prime factors of k?
2, 11, 193
Suppose -427*k - 162408 = -435*k. List the prime factors of k.
3, 67, 101
Let f = -114 - -197. Let u = f - 81. Suppose 4*d + 3*w - 91 = 2*w, -u*w = -6. List the prime factors of d.
2, 11
Let z(p) = 3*p**2 - 31*p + 30. Let u be z(9). What are the prime factors of ((-1)/(-2))/(u - (-28370)/4728)?
2, 3, 197
Let w(m) = 2*m**3 + 9*m**2 - 28*m + 56. Suppose -2*x + 2*k + 3*k = -17, -3*x + 5*k = -23. What are the prime factors of w(x)?
2, 7, 23
Suppose 0 = 3*l - 2*c - 44216, 107*l - 102*l = 3*c + 73693. List the prime factors of l.
2, 7369
Let z(f) = -3*f**2 - f. Let r be z(-2). Let x = -2634 - -3459. What are the prime factors of (-2)/(1*r/x)?
3, 5, 11
Let p(c) = 202*c**2 + 5*c + 3. Let k be p(-4). Suppose -6*u - k = -8861. List the prime factors of u.
941
What are the prime factors of (-228144)/(-45) - (-1 - 195/(-225))?
2, 3, 5, 13
Suppose 5*k = -2*j + 38665, -2*j + 0*k = -2*k - 38658. List the prime factors of j.
2, 5, 1933
Let u be (2/10*92)/((-12)/(-30)). Suppose 5*y - i = u + 8, -5*y + 70 = -5*i. What are the prime factors of y?
2, 5
Let y = 411 - -169. Let d = y - -109. List the prime factors of d.
13, 53
Suppose -6*f + 7*f = -7. Let x(k) = 8*k**2 + 11*k + 17. List the prime factors of x(f).
2, 83
Suppose 5*l = -2*j - 10, 2*l + 10 + 26 = -4*j. Let a be ((-5)/j)/((-2)/(-52)). Suppose 940 = a*w - 282. What are the prime factors of w?
2, 47
Let w(x) = -200*x - 1134. What are the prime factors of w(-21)?
2, 3, 7, 73
Let o = 57 + -35. What are the prime factors of ((-216)/21)/((o/(-28))/11)?
2, 3
Suppose -16 = -k + 20. Suppose -m - k = -2*m. What are the prime factors of 3376/m - ((-100)/(-36) - 3)?
2, 47
Let a(o) = -127*o**3 + 235*o**3 - 109*o**3 + 24*o - 28*o**2 - 38. Let z(g) = g**2 + 12*g - 9. Let w be z(-10). What are the prime factors of a(w)?
107
Let w = 16277 - 5489. What are the prime factors of w?
2, 3, 29, 31
Suppose -4*y + 3*n = -1947, -6*y + 2460 = -y + 5*n. Let g be y*(-3)/(-6) - 4/(-8). Let j = g + -141. What are the prime factors of j?
2, 13
Suppose 2*z + 9 + 3 = 0, 5*y - 3*z - 16883 = 0. List the prime factors of y.
3373
Suppose 2*f = 12*c - 7*c - 78, -4*c + 2*f + 64 = 0. What are the prime factors of ((-44)/c - -4)*(-13902)/(-9)?
2, 331
Suppose 228 = 38*n - 532. What are the prime factors of ((-7944)/n)/(3 - (-33)/(-10))?
2, 331
Let i(o) = 13*o**2 - o. Let v be i(-1). Suppose d + v - 24 = 0. Suppose -c + 152 = 3*f - 44, 0 = 5*c + d. List the prime factors of f.
2, 3, 11
Suppose 2*n + 220 = 4*q - 222, -2*q + 219 = n. Let k = -51 + q. Suppose z = k + 5. List the prime factors of z.
2
Let y(n) = -851 + 461 + 443 + 25*n. List the prime factors of y(10).
3, 101
Let w(d) = 50*d**2 - 27*d - 8. Let t be w(16). Suppose 7*x + t = 27*x. What are the prime factors of x?
2, 3, 103
Let n = 33 - 23. Let r = 4 - n. List the prime factors of (-10)/15 - 316/r.
2, 13
Let y = -115 - -119. Let p(v) = -v**3 + 6*v**2 + 5*v + 4. What are the prime factors of p(y)?
2, 7
Let j = -17 + 17. Suppose x + j = -2. What are the prime factors of 6/x*1079/(-39)?
83
Let s(d) = d**3 - d - 3. Let j be s(4). Let t = j - 57. Suppose t = -128*q + 129*q - 141. What are the prime factors of q?
3, 47
Let w be (-3)/3 + -1 + (2 - -4). Let y(r) = 30*r**2 - 8*r + 45. What are the prime factors of y(w)?
17, 29
Let u = -4107 - -8246. List the prime factors of u.
4139
Let t(c) = -c**2 + 3*c - 5. Let j(x) = 2*x - 2. Let v(g) = 7*j(g) - 4*t(g). What are the prime factors of v(3)?
2, 3
Let i(j) = -163*j - 45. Let k be i(11). Let h = -1178 - k. List the prime factors of h.
2, 3, 5, 11
Suppose -6*p - 17*p + 148817 + 155404 = 0. List the prime factors of p.
3, 4409
Let t(f) = 5*f - 99. Let j be t(21). Let x(y) = 7*y**2 + 10*y. Let z be x(-7). Suppose -z = -b - j*b. List the prime factors of b.
3, 13
Let h(x) = 38*x**3 + 12*x**2 + 51*x - 450. List the prime factors of h(7).
83, 163
Suppose -72*r + 2746 = -210158. What are the prime factors of r?
2957
Suppose 4*f = 180 + 500. Let a = 143 + -212. Let p = a + f. What are the prime factors of p?
101
Let d(k) = -12*k + 53 - 2*k + 23*k. Let z be d(12). Let v = z - -23. What are the prime factors of v?
2, 23
Suppose 1917 = 3*o - 3*a, 0 = -2*o - 2*a + 3*a + 1274. Suppose -o = -11*k + 47. Let d = k + 134. List the prime factors of d.
2, 7
Let y(i) = i**2 - 38*i - 123. Let d be y(41). Suppose 4*m - 4*o - 988 - 2400 = d, 0 = m - 3*o - 837. What are the prime factors of m?
2, 3, 71
Suppose -38*a - 5*j - 82715 = -43*a, 3*a + 6*j = 49602. What are the prime factors of a?
2, 5, 827
Suppose -5*m + x + 732 = -6*m, 0 = 2*m + x + 1469. Let w = m + 1111. What are the prime factors of w?
2, 11, 17
Let z(h) be the first derivative of -2*h**2 + 35*h + 18. Let s be z(9). What are the prime factors of 2/(s + (-4)/(-8)) - -84?
2, 5
Suppose 2*g = -4*x + 48, 0*x - 4*x - 3*g = -52. Suppose x*r - 1219 = 211. What are the prime factors of r?
11, 13
Suppose -18*t = -15*t + 4*r - 18358, t = -3*r + 6131. What are the prime factors of t?
2, 5, 13, 47
Let a(f) = 676*f + 1410. List the prime factors of a(13).
2, 5099
Suppose 0 = 9*d - 4*d - 15. Let u be ((-12)/d)/(-4)*(-2 + 55). Let f = u - 22. List the prime factors of f.
31
Let z be (6 + 724/12)*54. Suppose z = 11*r - 1203. What are the prime factors of r?
3, 5, 29
Let l = -138556 - -201614. What are the prime factors of l?
2, 41, 769
Let u = 15322 + -10629. What are the prime factors of u?
13, 19
Let u be 1302/30 + (-2)/5. Suppose 15*q = u*q - 24584. What are the prime factors of q?
2, 439
Suppose -3*h + 18216 + 18708 = 1779. List the prime factors of h.
3, 5, 11, 71
Let v be ((-2 - -4)/6)/((-9)/135). What are the prime factors of 304*(v + (-11)/(-2))?
2, 19
Let m(z) = -z**3 - 15*z**2 + 298*z + 96. What are the prime factors of m(-29)?
2, 3, 269
Let n(x) = 567*x**3 + 7*x**2 + 7*x - 32. What are the prime factors of n(2)?
2, 2273
Let f(b) = -5*b**3 - 66*b**2 + 2*b - 47. What are the prime factors of f(-21)?
2, 5, 29, 59
Suppose 0 = 4*i - 2*v + 520, -252 = 2*i + 4*v - v. Let c = -170 + 95. Let r = c - i. What are the prime factors of r?
2, 3
Let j = 63 + -61. Let s be (-4 + j)/((-3)/12). Suppose n - 5*o + s = 3, 3*o = 12. List the prime factors of n.
3, 5
What are the prime factors of 5974/2 - 9/((-45)/(-40))?
3, 331
List the prime factors of 903/((-5)/28*(-516)/2150).
2, 5, 7, 43
Suppose 2*c + 2*o - 550 = 0, -4*c + 3*o + 578 = -501. Let a = 386 - c. List the prime factors of (-2 - ((0 - 5) + 3)) + a.
2, 3, 19
Suppose 6*j - 112 - 116 = 0. Let c = j - 35. Suppose -154 - 74 = -c*x. List the prime factors of x.
2, 19
Suppose -3*b + 5811 = -3*m, -2 = m - 1. Suppose r = 5*r - b. List the prime factors of r.
2, 11
Suppose -9*p + 341 = 179. Suppose 2*q - p*q = -1040. List the prime factors of q.
5, 13
Let o = 61582 - 22904. List the prime factors of o.
2, 83, 233
Suppose 372721 = 23*h - 210858. What are the prime factors of h?
25373
What are the prime factors of (7 - (-127441)/14) + (-1)/(-14)?
2, 5, 911
Let l(m) = 3*m**2 + 42*m - 163. List the prime factors of l(-31).
2, 709
Let v(j) = -2*j - 27. Let y be v(-14). Let u(s) = -62*s**3 + 2*s**2 - 3*s + 2. Let q be u(y). Let f = 170 + q. What are the prime factors of f?
109
What are the prime factors of ((-43)/(-2) + (-31 - -39))*1854?
3, 59, 103
Suppose -39*f - 12384 = -39801. List the prime factors of f + 10 + 0*1/3.
23, 31
Let s = -13833 + 20880. List the prime factors of s.
3, 29
Let m(c) = 898*c - 44. Let w be (1/10)/((-14)/(-140)). What are the prime factors of m(w)?
2, 7, 61
Suppose -21*g + 1200 = -5*g. Suppose g*d - 1052 = 71*d. List the prime factors of d.
263
Let a = -31 - -21. Let y(w) = w**3 + 12*w**2 + 2*w - 2. Let q be y(a). 